{"id":36938,"date":"2026-01-14T19:54:07","date_gmt":"2026-01-14T19:54:07","guid":{"rendered":"https:\/\/radioguadalix.es\/?page_id=36938"},"modified":"2026-01-14T20:06:36","modified_gmt":"2026-01-14T20:06:36","slug":"jazz-con-fornos","status":"publish","type":"page","link":"https:\/\/radioguadalix.es\/index.php\/p\/jazz-con-fornos\/","title":{"rendered":"Jazz Con Fornos"},"content":{"rendered":"<div class=\"wp-block-image\">\n<figure class=\"alignleft size-large is-resized\"><img decoding=\"async\" src=\"https:\/\/img-static.ivoox.com\/index.php?w=175&amp;url=https:\/\/static-1.ivoox.com\/canales\/4\/b\/d\/2\/4bd273084b973a63c3bb3b461ffc7386_XXL.jpg&amp;f=webp\" alt=\"\" style=\"width:152px;height:auto\"\/><\/figure>\n<\/div>\n\n\n<p>Programa dedicado a la M\u00fasica de Jazz.<br><br>A la Direcci\u00f3n y quien os habla Jos\u00e9 Antonio Fornos y a los Mandos T\u00e9cnicos Lawrence Sudlow. Y estaremos con vosotros en Podcast cada dos semanas.<br>Como Sinton\u00eda utilizaremos \u201cGemini\u201d por CANNONBALL ADDERLEY SEXTET IN NEW YORK, grabada en El Village Vanguard, enero de 1962.<\/p>\n\n\n\n<iframe src=\"https:\/\/www.ivoox.com\/player_es_podcast_2741718_zp_1.html?c1=048b93\" width=\"100%\" height=\"400\" frameborder=\"0\" allowfullscreen=\"\" scrolling=\"no\" loading=\"lazy\"><\/iframe>\n","protected":false},"excerpt":{"rendered":"<p>Programa dedicado a la M\u00fasica de Jazz. A la Direcci\u00f3n y quien os habla Jos\u00e9 Antonio Fornos y a los Mandos T\u00e9cnicos Lawrence Sudlow. Y estaremos con vosotros en Podcast cada dos semanas.Como Sinton\u00eda utilizaremos \u201cGemini\u201d por CANNONBALL ADDERLEY SEXTET IN NEW YORK, grabada en El Village Vanguard, enero de<\/p>\n<div class=\"continue-reading-wrapper\"><a href=\"https:\/\/radioguadalix.es\/index.php\/p\/jazz-con-fornos\/\" class=\"continue-reading\">Seguir leyendo<i class=\"ion-ios-arrow-right\"><\/i><\/a><\/div>\n","protected":false},"author":4,"featured_media":0,"parent":36,"menu_order":0,"comment_status":"closed","ping_status":"closed","template":"","meta":{"_uag_custom_page_level_css":"","episode_type":"","audio_file":"","cover_image":"","cover_image_id":"","duration":"","filesize":"","filesize_raw":"","date_recorded":"","explicit":"","block":"","itunes_episode_number":"","itunes_title":"","itunes_season_number":"","itunes_episode_type":"","footnotes":""},"class_list":["post-36938","page","type-page","status-publish","hentry"],"yoast_head":"<!-- This site is optimized with the Yoast SEO plugin v27.5 - https:\/\/yoast.com\/product\/yoast-seo-wordpress\/ -->\n<title>Jazz Con Fornos &#8212; Radio Guadalix<\/title>\n<meta name=\"robots\" content=\"index, follow, max-snippet:-1, max-image-preview:large, max-video-preview:-1\" \/>\n<link rel=\"canonical\" href=\"https:\/\/radioguadalix.es\/index.php\/p\/jazz-con-fornos\/\" \/>\n<meta property=\"og:locale\" content=\"es_ES\" \/>\n<meta property=\"og:type\" content=\"article\" \/>\n<meta property=\"og:title\" content=\"Jazz Con Fornos &#8212; Radio Guadalix\" \/>\n<meta property=\"og:description\" content=\"Programa dedicado a la M\u00fasica de Jazz. A la Direcci\u00f3n y quien os habla Jos\u00e9 Antonio Fornos y a los Mandos T\u00e9cnicos Lawrence Sudlow. Y estaremos con vosotros en Podcast cada dos semanas.Como Sinton\u00eda utilizaremos \u201cGemini\u201d por CANNONBALL ADDERLEY SEXTET IN NEW YORK, grabada en El Village Vanguard, enero deSeguir leyendo\" \/>\n<meta property=\"og:url\" content=\"https:\/\/radioguadalix.es\/index.php\/p\/jazz-con-fornos\/\" \/>\n<meta property=\"og:site_name\" content=\"Radio Guadalix\" \/>\n<meta property=\"article:modified_time\" content=\"2026-01-14T20:06:36+00:00\" \/>\n<meta property=\"og:image\" content=\"https:\/\/img-static.ivoox.com\/index.php?w=175&amp;url=https:\/\/static-1.ivoox.com\/canales\/4\/b\/d\/2\/4bd273084b973a63c3bb3b461ffc7386_XXL.jpg&amp;f=webp\" \/>\n<meta name=\"twitter:card\" content=\"summary_large_image\" \/>\n<meta name=\"twitter:label1\" content=\"Tiempo de lectura\" \/>\n\t<meta name=\"twitter:data1\" content=\"1 minuto\" \/>\n<script type=\"application\/ld+json\" class=\"yoast-schema-graph\">{\"@context\":\"https:\\\/\\\/schema.org\",\"@graph\":[{\"@type\":\"WebPage\",\"@id\":\"https:\\\/\\\/radioguadalix.es\\\/index.php\\\/p\\\/jazz-con-fornos\\\/\",\"url\":\"https:\\\/\\\/radioguadalix.es\\\/index.php\\\/p\\\/jazz-con-fornos\\\/\",\"name\":\"Jazz Con Fornos &#8212; Radio Guadalix\",\"isPartOf\":{\"@id\":\"https:\\\/\\\/radioguadalix.es\\\/#website\"},\"primaryImageOfPage\":{\"@id\":\"https:\\\/\\\/radioguadalix.es\\\/index.php\\\/p\\\/jazz-con-fornos\\\/#primaryimage\"},\"image\":{\"@id\":\"https:\\\/\\\/radioguadalix.es\\\/index.php\\\/p\\\/jazz-con-fornos\\\/#primaryimage\"},\"thumbnailUrl\":\"https:\\\/\\\/img-static.ivoox.com\\\/index.php?w=175&amp;url=https:\\\/\\\/static-1.ivoox.com\\\/canales\\\/4\\\/b\\\/d\\\/2\\\/4bd273084b973a63c3bb3b461ffc7386_XXL.jpg&amp;f=webp\",\"datePublished\":\"2026-01-14T19:54:07+00:00\",\"dateModified\":\"2026-01-14T20:06:36+00:00\",\"breadcrumb\":{\"@id\":\"https:\\\/\\\/radioguadalix.es\\\/index.php\\\/p\\\/jazz-con-fornos\\\/#breadcrumb\"},\"inLanguage\":\"es\",\"potentialAction\":[{\"@type\":\"ReadAction\",\"target\":[\"https:\\\/\\\/radioguadalix.es\\\/index.php\\\/p\\\/jazz-con-fornos\\\/\"]}]},{\"@type\":\"ImageObject\",\"inLanguage\":\"es\",\"@id\":\"https:\\\/\\\/radioguadalix.es\\\/index.php\\\/p\\\/jazz-con-fornos\\\/#primaryimage\",\"url\":\"https:\\\/\\\/img-static.ivoox.com\\\/index.php?w=175&amp;url=https:\\\/\\\/static-1.ivoox.com\\\/canales\\\/4\\\/b\\\/d\\\/2\\\/4bd273084b973a63c3bb3b461ffc7386_XXL.jpg&amp;f=webp\",\"contentUrl\":\"https:\\\/\\\/img-static.ivoox.com\\\/index.php?w=175&amp;url=https:\\\/\\\/static-1.ivoox.com\\\/canales\\\/4\\\/b\\\/d\\\/2\\\/4bd273084b973a63c3bb3b461ffc7386_XXL.jpg&amp;f=webp\"},{\"@type\":\"BreadcrumbList\",\"@id\":\"https:\\\/\\\/radioguadalix.es\\\/index.php\\\/p\\\/jazz-con-fornos\\\/#breadcrumb\",\"itemListElement\":[{\"@type\":\"ListItem\",\"position\":1,\"name\":\"Portada\",\"item\":\"https:\\\/\\\/radioguadalix.es\\\/\"},{\"@type\":\"ListItem\",\"position\":2,\"name\":\"Programas\",\"item\":\"https:\\\/\\\/radioguadalix.es\\\/index.php\\\/p\\\/\"},{\"@type\":\"ListItem\",\"position\":3,\"name\":\"Jazz Con Fornos\"}]},{\"@type\":\"WebSite\",\"@id\":\"https:\\\/\\\/radioguadalix.es\\\/#website\",\"url\":\"https:\\\/\\\/radioguadalix.es\\\/\",\"name\":\"Radio Guadalix\",\"description\":\"Asociaci\u00f3n Cultural Radio Guadalix\",\"publisher\":{\"@id\":\"https:\\\/\\\/radioguadalix.es\\\/#organization\"},\"potentialAction\":[{\"@type\":\"SearchAction\",\"target\":{\"@type\":\"EntryPoint\",\"urlTemplate\":\"https:\\\/\\\/radioguadalix.es\\\/?s={search_term_string}\"},\"query-input\":{\"@type\":\"PropertyValueSpecification\",\"valueRequired\":true,\"valueName\":\"search_term_string\"}}],\"inLanguage\":\"es\"},{\"@type\":\"Organization\",\"@id\":\"https:\\\/\\\/radioguadalix.es\\\/#organization\",\"name\":\"Radio Guadalix\",\"url\":\"https:\\\/\\\/radioguadalix.es\\\/\",\"logo\":{\"@type\":\"ImageObject\",\"inLanguage\":\"es\",\"@id\":\"https:\\\/\\\/radioguadalix.es\\\/#\\\/schema\\\/logo\\\/image\\\/\",\"url\":\"http:\\\/\\\/pigvyaq.cluster100.hosting.ovh.net\\\/wp-content\\\/uploads\\\/2020\\\/07\\\/radio-guadalix2gig.png\",\"contentUrl\":\"http:\\\/\\\/pigvyaq.cluster100.hosting.ovh.net\\\/wp-content\\\/uploads\\\/2020\\\/07\\\/radio-guadalix2gig.png\",\"width\":1300,\"height\":1024,\"caption\":\"Radio Guadalix\"},\"image\":{\"@id\":\"https:\\\/\\\/radioguadalix.es\\\/#\\\/schema\\\/logo\\\/image\\\/\"}}]}<\/script>\n<!-- \/ Yoast SEO plugin. -->","yoast_head_json":{"title":"Jazz Con Fornos &#8212; Radio Guadalix","robots":{"index":"index","follow":"follow","max-snippet":"max-snippet:-1","max-image-preview":"max-image-preview:large","max-video-preview":"max-video-preview:-1"},"canonical":"https:\/\/radioguadalix.es\/index.php\/p\/jazz-con-fornos\/","og_locale":"es_ES","og_type":"article","og_title":"Jazz Con Fornos &#8212; Radio Guadalix","og_description":"Programa dedicado a la M\u00fasica de Jazz. A la Direcci\u00f3n y quien os habla Jos\u00e9 Antonio Fornos y a los Mandos T\u00e9cnicos Lawrence Sudlow. Y estaremos con vosotros en Podcast cada dos semanas.Como Sinton\u00eda utilizaremos \u201cGemini\u201d por CANNONBALL ADDERLEY SEXTET IN NEW YORK, grabada en El Village Vanguard, enero deSeguir leyendo","og_url":"https:\/\/radioguadalix.es\/index.php\/p\/jazz-con-fornos\/","og_site_name":"Radio Guadalix","article_modified_time":"2026-01-14T20:06:36+00:00","og_image":[{"url":"https:\/\/img-static.ivoox.com\/index.php?w=175&amp;url=https:\/\/static-1.ivoox.com\/canales\/4\/b\/d\/2\/4bd273084b973a63c3bb3b461ffc7386_XXL.jpg&amp;f=webp","type":"","width":"","height":""}],"twitter_card":"summary_large_image","twitter_misc":{"Tiempo de lectura":"1 minuto"},"schema":{"@context":"https:\/\/schema.org","@graph":[{"@type":"WebPage","@id":"https:\/\/radioguadalix.es\/index.php\/p\/jazz-con-fornos\/","url":"https:\/\/radioguadalix.es\/index.php\/p\/jazz-con-fornos\/","name":"Jazz Con Fornos &#8212; Radio Guadalix","isPartOf":{"@id":"https:\/\/radioguadalix.es\/#website"},"primaryImageOfPage":{"@id":"https:\/\/radioguadalix.es\/index.php\/p\/jazz-con-fornos\/#primaryimage"},"image":{"@id":"https:\/\/radioguadalix.es\/index.php\/p\/jazz-con-fornos\/#primaryimage"},"thumbnailUrl":"https:\/\/img-static.ivoox.com\/index.php?w=175&amp;url=https:\/\/static-1.ivoox.com\/canales\/4\/b\/d\/2\/4bd273084b973a63c3bb3b461ffc7386_XXL.jpg&amp;f=webp","datePublished":"2026-01-14T19:54:07+00:00","dateModified":"2026-01-14T20:06:36+00:00","breadcrumb":{"@id":"https:\/\/radioguadalix.es\/index.php\/p\/jazz-con-fornos\/#breadcrumb"},"inLanguage":"es","potentialAction":[{"@type":"ReadAction","target":["https:\/\/radioguadalix.es\/index.php\/p\/jazz-con-fornos\/"]}]},{"@type":"ImageObject","inLanguage":"es","@id":"https:\/\/radioguadalix.es\/index.php\/p\/jazz-con-fornos\/#primaryimage","url":"https:\/\/img-static.ivoox.com\/index.php?w=175&amp;url=https:\/\/static-1.ivoox.com\/canales\/4\/b\/d\/2\/4bd273084b973a63c3bb3b461ffc7386_XXL.jpg&amp;f=webp","contentUrl":"https:\/\/img-static.ivoox.com\/index.php?w=175&amp;url=https:\/\/static-1.ivoox.com\/canales\/4\/b\/d\/2\/4bd273084b973a63c3bb3b461ffc7386_XXL.jpg&amp;f=webp"},{"@type":"BreadcrumbList","@id":"https:\/\/radioguadalix.es\/index.php\/p\/jazz-con-fornos\/#breadcrumb","itemListElement":[{"@type":"ListItem","position":1,"name":"Portada","item":"https:\/\/radioguadalix.es\/"},{"@type":"ListItem","position":2,"name":"Programas","item":"https:\/\/radioguadalix.es\/index.php\/p\/"},{"@type":"ListItem","position":3,"name":"Jazz Con Fornos"}]},{"@type":"WebSite","@id":"https:\/\/radioguadalix.es\/#website","url":"https:\/\/radioguadalix.es\/","name":"Radio Guadalix","description":"Asociaci\u00f3n Cultural Radio Guadalix","publisher":{"@id":"https:\/\/radioguadalix.es\/#organization"},"potentialAction":[{"@type":"SearchAction","target":{"@type":"EntryPoint","urlTemplate":"https:\/\/radioguadalix.es\/?s={search_term_string}"},"query-input":{"@type":"PropertyValueSpecification","valueRequired":true,"valueName":"search_term_string"}}],"inLanguage":"es"},{"@type":"Organization","@id":"https:\/\/radioguadalix.es\/#organization","name":"Radio Guadalix","url":"https:\/\/radioguadalix.es\/","logo":{"@type":"ImageObject","inLanguage":"es","@id":"https:\/\/radioguadalix.es\/#\/schema\/logo\/image\/","url":"http:\/\/pigvyaq.cluster100.hosting.ovh.net\/wp-content\/uploads\/2020\/07\/radio-guadalix2gig.png","contentUrl":"http:\/\/pigvyaq.cluster100.hosting.ovh.net\/wp-content\/uploads\/2020\/07\/radio-guadalix2gig.png","width":1300,"height":1024,"caption":"Radio Guadalix"},"image":{"@id":"https:\/\/radioguadalix.es\/#\/schema\/logo\/image\/"}}]}},"uagb_featured_image_src":{"full":false,"thumbnail":false,"medium":false,"medium_large":false,"large":false,"1536x1536":false,"2048x2048":false,"knight-archive-post":false},"uagb_author_info":{"display_name":"Radio Guadalix","author_link":"https:\/\/radioguadalix.es\/index.php\/author\/c-tecnica\/"},"uagb_comment_info":0,"uagb_excerpt":"Programa dedicado a la M\u00fasica de Jazz. A la Direcci\u00f3n y quien os habla Jos\u00e9 Antonio Fornos y a los Mandos T\u00e9cnicos Lawrence Sudlow. Y estaremos con vosotros en Podcast cada dos semanas.Como Sinton\u00eda utilizaremos \u201cGemini\u201d por CANNONBALL ADDERLEY SEXTET IN NEW YORK, grabada en El Village Vanguard, enero deSeguir leyendo","jetpack_sharing_enabled":true,"_links":{"self":[{"href":"https:\/\/radioguadalix.es\/index.php\/wp-json\/wp\/v2\/pages\/36938","targetHints":{"allow":["GET"]}}],"collection":[{"href":"https:\/\/radioguadalix.es\/index.php\/wp-json\/wp\/v2\/pages"}],"about":[{"href":"https:\/\/radioguadalix.es\/index.php\/wp-json\/wp\/v2\/types\/page"}],"author":[{"embeddable":true,"href":"https:\/\/radioguadalix.es\/index.php\/wp-json\/wp\/v2\/users\/4"}],"replies":[{"embeddable":true,"href":"https:\/\/radioguadalix.es\/index.php\/wp-json\/wp\/v2\/comments?post=36938"}],"version-history":[{"count":3,"href":"https:\/\/radioguadalix.es\/index.php\/wp-json\/wp\/v2\/pages\/36938\/revisions"}],"predecessor-version":[{"id":36946,"href":"https:\/\/radioguadalix.es\/index.php\/wp-json\/wp\/v2\/pages\/36938\/revisions\/36946"}],"up":[{"embeddable":true,"href":"https:\/\/radioguadalix.es\/index.php\/wp-json\/wp\/v2\/pages\/36"}],"wp:attachment":[{"href":"https:\/\/radioguadalix.es\/index.php\/wp-json\/wp\/v2\/media?parent=36938"}],"curies":[{"name":"wp","href":"https:\/\/api.w.org\/{rel}","templated":true}]}}

<div class="wp-block-image">
<figure class="alignleft size-large is-resized"><img decoding="async" src="https://img-static.ivoox.com/index.php?w=175&amp;url=https://static-1.ivoox.com/canales/4/b/d/2/4bd273084b973a63c3bb3b461ffc7386_XXL.jpg&amp;f=webp" alt="" style="width:152px;height:auto"/></figure>
</div>


<p>Programa dedicado a la Música de Jazz.<br><br>A la Dirección y quien os habla José Antonio Fornos y a los Mandos Técnicos Lawrence Sudlow. Y estaremos con vosotros en Podcast cada dos semanas.<br>Como Sintonía utilizaremos “Gemini” por CANNONBALL ADDERLEY SEXTET IN NEW YORK, grabada en El Village Vanguard, enero de 1962.</p>



<iframe src="https://www.ivoox.com/player_es_podcast_2741718_zp_1.html?c1=048b93" width="100%" height="400" frameborder="0" allowfullscreen="" scrolling="no" loading="lazy"></iframe>

<p>Programa dedicado a la Música de Jazz. A la Dirección y quien os habla José Antonio Fornos y a los Mandos Técnicos Lawrence Sudlow. Y estaremos con vosotros en Podcast cada dos semanas.Como Sintonía utilizaremos “Gemini” por CANNONBALL ADDERLEY SEXTET IN NEW YORK, grabada en El Village Vanguard, enero de</p>
<div class="continue-reading-wrapper"><a href="https://radioguadalix.es/index.php/p/jazz-con-fornos/" class="continue-reading">Seguir leyendo<i class="ion-ios-arrow-right"></i></a></div>

<!-- This site is optimized with the Yoast SEO plugin v27.5 - https://yoast.com/product/yoast-seo-wordpress/ -->
<title>Jazz Con Fornos &#8212; Radio Guadalix</title>
<meta name="robots" content="index, follow, max-snippet:-1, max-image-preview:large, max-video-preview:-1" />
<link rel="canonical" href="https://radioguadalix.es/index.php/p/jazz-con-fornos/" />
<meta property="og:locale" content="es_ES" />
<meta property="og:type" content="article" />
<meta property="og:title" content="Jazz Con Fornos &#8212; Radio Guadalix" />
<meta property="og:description" content="Programa dedicado a la Música de Jazz. A la Dirección y quien os habla José Antonio Fornos y a los Mandos Técnicos Lawrence Sudlow. Y estaremos con vosotros en Podcast cada dos semanas.Como Sintonía utilizaremos “Gemini” por CANNONBALL ADDERLEY SEXTET IN NEW YORK, grabada en El Village Vanguard, enero deSeguir leyendo" />
<meta property="og:url" content="https://radioguadalix.es/index.php/p/jazz-con-fornos/" />
<meta property="og:site_name" content="Radio Guadalix" />
<meta property="article:modified_time" content="2026-01-14T20:06:36+00:00" />
<meta property="og:image" content="https://img-static.ivoox.com/index.php?w=175&amp;url=https://static-1.ivoox.com/canales/4/b/d/2/4bd273084b973a63c3bb3b461ffc7386_XXL.jpg&amp;f=webp" />
<meta name="twitter:card" content="summary_large_image" />
<meta name="twitter:label1" content="Tiempo de lectura" />
	<meta name="twitter:data1" content="1 minuto" />
<script type="application/ld+json" class="yoast-schema-graph">{"@context":"https:\/\/schema.org","@graph":[{"@type":"WebPage","@id":"https:\/\/radioguadalix.es\/index.php\/p\/jazz-con-fornos\/","url":"https:\/\/radioguadalix.es\/index.php\/p\/jazz-con-fornos\/","name":"Jazz Con Fornos &#8212; Radio Guadalix","isPartOf":{"@id":"https:\/\/radioguadalix.es\/#website"},"primaryImageOfPage":{"@id":"https:\/\/radioguadalix.es\/index.php\/p\/jazz-con-fornos\/#primaryimage"},"image":{"@id":"https:\/\/radioguadalix.es\/index.php\/p\/jazz-con-fornos\/#primaryimage"},"thumbnailUrl":"https:\/\/img-static.ivoox.com\/index.php?w=175&amp;url=https:\/\/static-1.ivoox.com\/canales\/4\/b\/d\/2\/4bd273084b973a63c3bb3b461ffc7386_XXL.jpg&amp;f=webp","datePublished":"2026-01-14T19:54:07+00:00","dateModified":"2026-01-14T20:06:36+00:00","breadcrumb":{"@id":"https:\/\/radioguadalix.es\/index.php\/p\/jazz-con-fornos\/#breadcrumb"},"inLanguage":"es","potentialAction":[{"@type":"ReadAction","target":["https:\/\/radioguadalix.es\/index.php\/p\/jazz-con-fornos\/"]}]},{"@type":"ImageObject","inLanguage":"es","@id":"https:\/\/radioguadalix.es\/index.php\/p\/jazz-con-fornos\/#primaryimage","url":"https:\/\/img-static.ivoox.com\/index.php?w=175&amp;url=https:\/\/static-1.ivoox.com\/canales\/4\/b\/d\/2\/4bd273084b973a63c3bb3b461ffc7386_XXL.jpg&amp;f=webp","contentUrl":"https:\/\/img-static.ivoox.com\/index.php?w=175&amp;url=https:\/\/static-1.ivoox.com\/canales\/4\/b\/d\/2\/4bd273084b973a63c3bb3b461ffc7386_XXL.jpg&amp;f=webp"},{"@type":"BreadcrumbList","@id":"https:\/\/radioguadalix.es\/index.php\/p\/jazz-con-fornos\/#breadcrumb","itemListElement":[{"@type":"ListItem","position":1,"name":"Portada","item":"https:\/\/radioguadalix.es\/"},{"@type":"ListItem","position":2,"name":"Programas","item":"https:\/\/radioguadalix.es\/index.php\/p\/"},{"@type":"ListItem","position":3,"name":"Jazz Con Fornos"}]},{"@type":"WebSite","@id":"https:\/\/radioguadalix.es\/#website","url":"https:\/\/radioguadalix.es\/","name":"Radio Guadalix","description":"Asociación Cultural Radio Guadalix","publisher":{"@id":"https:\/\/radioguadalix.es\/#organization"},"potentialAction":[{"@type":"SearchAction","target":{"@type":"EntryPoint","urlTemplate":"https:\/\/radioguadalix.es\/?s={search_term_string}"},"query-input":{"@type":"PropertyValueSpecification","valueRequired":true,"valueName":"search_term_string"}}],"inLanguage":"es"},{"@type":"Organization","@id":"https:\/\/radioguadalix.es\/#organization","name":"Radio Guadalix","url":"https:\/\/radioguadalix.es\/","logo":{"@type":"ImageObject","inLanguage":"es","@id":"https:\/\/radioguadalix.es\/#\/schema\/logo\/image\/","url":"http:\/\/pigvyaq.cluster100.hosting.ovh.net\/wp-content\/uploads\/2020\/07\/radio-guadalix2gig.png","contentUrl":"http:\/\/pigvyaq.cluster100.hosting.ovh.net\/wp-content\/uploads\/2020\/07\/radio-guadalix2gig.png","width":1300,"height":1024,"caption":"Radio Guadalix"},"image":{"@id":"https:\/\/radioguadalix.es\/#\/schema\/logo\/image\/"}}]}</script>
<!-- / Yoast SEO plugin. -->

Programa dedicado a la Música de Jazz. A la Dirección y quien os habla José Antonio Fornos y a los Mandos Técnicos Lawrence Sudlow. Y estaremos con vosotros en Podcast cada dos semanas.Como Sintonía utilizaremos “Gemini” por CANNONBALL ADDERLEY SEXTET IN NEW YORK, grabada en El Village Vanguard, enero deSeguir leyendo

Asociación Cultural Radio Guadalix
